i?
4
Let d(w) = -5*w - 44. What is the tens digit of d(-16)?
3
Suppose 5*o = 4*w - 3*w - 4, -49 = -5*w - 4*o. What is the tens digit of -12*(-2)/(12/w)?
1
Let b = -52 - -169. What is the tens digit of b?
1
Suppose -4*t + 316 = -4*v, 2*t - 153 = -0*v - 3*v. What is the tens digit of t?
7
Suppose 0 = 12*g - 261 - 231. What is the units digit of g?
1
Let y be 4/14 - (-66)/14. Suppose y*p - 30 = -0*p. Suppose 22 = 2*d + 2*h, p*h = 2*d + h - 15. What is the units digit of d?
0
Suppose -5*p - r = -213, -6*r + 2*r = 3*p - 138. What is the tens digit of p?
4
Let s(r) = r**3 + 7*r**2 + 5*r + 6. Let m be s(-6). What is the units digit of (80/m)/((-2)/(-3))?
0
Let h(q) = q**2 - 2*q - 3. What is the tens digit of h(5)?
1
Let c be 13 + -3 - (3 - 3). Let w = c + 2. Suppose -h = -0*h - w. What is the tens digit of h?
1
Let g(h) be the first derivative of -h**4 - h**3/3 - 4. What is the units digit of g(-1)?
3
Let x(m) = -2*m**3 - 4*m + 4 + 5*m**2 - 2 + m**3. Let f be x(4). Suppose 3*y = 2*p + 12, 18 = 3*y + f*p - 6*p. What is the units digit of y?
2
Suppose 2*x = -4*x + 48. What is the units digit of x?
8
Suppose 2*r = -0*r. Suppose 3*d - 4*i - 4 = d, r = -d + i + 4. Let g = d + -3. What is the units digit of g?
3
Suppose 45 = f + 2*z, f - 4*z - 34 = -1. What is the units digit of f?
1
Let h = -12 + 4. Let o = 13 + h. Suppose 3*r - 9 = -i - r, -4*r + 3 = -o*i. What is the units digit of i?
1
Suppose 2*w - 1 = w. Suppose 5*c - w = 99. Suppose -4*q - q = -c. What is the units digit of q?
4
Let v(z) = -z + 12. Let a be v(9). What is the units digit of 9 - (a - 2)*1?
8
Let x(s) = s**3 - s + 2. Let a be x(0). Suppose -3*t = a*t - 40. What is the units digit of t?
8
Let f(d) = 0 - 1 + 2*d - 5*d + 4*d. What is the units digit of f(10)?
9
Suppose 4*w + 2*n = 0, 3*w = 3*n - 0 + 9. Let f be (-3 - (-2)/w)*-5. Suppose 0 = -o, o + 42 = -2*c + f*c. What is the tens digit of c?
1
Let b(h) = h + 2. What is the units digit of b(1)?
3
Suppose q + 7 = 4*j - 8, 3*j - 4*q = -5. What is the units digit of j?
5
Let i = -23 + 39. What is the tens digit of i?
1
Let c(p) = -p**3 + 9*p**2 - 10*p + 9. What is the tens digit of c(6)?
5
Let s = -11 + 4. Let z(j) = -j - 14 + 14. What is the units digit of z(s)?
7
Let c = -4 - -1. Let j(r) = r**2 + r + 4. What is the units digit of j(c)?
0
Let n = 156 - 111. Suppose 3*g + 2*s - n = 7*s, 12 = -4*s. What is the tens digit of g?
1
Let v(s) = s**2 + 2*s - 1. Let l(n) = n**2 - 6*n + 7. Let p be l(5). What is the units digit of v(p)?
7
Suppose 5*h + 204 - 589 = 0. Suppose 0 = -j - 1, -2*j + 4*j + h = 5*x. What is the units digit of x?
5
Let v(b) = 3*b - 9. Let r be v(6). Let q = r + -6. Suppose -6*k = -q*k - 3. What is the units digit of k?
1
Suppose 173 = 3*m - 277. What is the hundreds digit of m?
1
Let k(a) = -3*a**3 - 6*a**2 - 15*a - 10. What is the hundreds digit of k(-4)?
1
What is the units digit of (-688)/(-3) - (-18)/(-54)?
9
Suppose -6*v + 2*v - 3*q + 624 = 0, -3*v + 5*q = -497. What is the units digit of v?
9
Let l be (1 - -3) + 2 - 2. Suppose -3*d = -l*d. Suppose d = 4*c - 9 - 3. What is the units digit of c?
3
Suppose 5*b + 355 = 5*g, -5*b - 424 = -4*g - 135. What is the units digit of g?
6
Suppose -9 = -2*c + 13. What is the tens digit of c?
1
Let z(u) = 20 + 8*u - 20. What is the units digit of z(2)?
6
Let y = -17 - -102. What is the tens digit of y?
8
Suppose -2*q = -c + 21, 3*c - 15 = -0*c. Let d(h) = h**3 + 7*h**2 - 12*h - 7. What is the units digit of d(q)?
5
Suppose 434 = 4*l - 778. What is the units digit of l?
3
Let y be 6/((-1)/(-4)*-6). Let i = y - -7. What is the units digit of i?
3
Let u be (64/10)/((-6)/(-15)). Suppose 4*l - 8*l = -u. What is the units digit of l?
4
Suppose r + 0*r - 13 = 0. Let f = -10 + r. What is the units digit of f?
3
Suppose 7*o = -8*o + 2985. What is the tens digit of o?
9
Let i(o) = 2*o**2 - 5*o + 3. Let n = 6 + -3. Let c be i(n). Let u = 0 + c. What is the units digit of u?
6
Suppose -r - 55 = 2*f, -5*f + 3*r - 48 - 62 = 0. What is the units digit of 3 - 1/(1/f)?
8
Let g = -16 - -20. Let x(z) = -z**2 - 6*z - 7. Let l be x(-5). What is the units digit of 7/g - l/8?
2
Let h(y) = -y**3 - 9*y**2 - 9*y - 4. Let j be h(-8). Let p(n) = n**2 + n - 3. Let r be p(-3). Suppose j*d + r = 47. What is the units digit of d?
1
Let x = 119 + -66. What is the units digit of x?
3
Suppose 39 = p - 0*p + 3*n, 45 = p + 5*n. What is the units digit of p?
0
Let v(o) = 20*o - 1. Let y be v(1). Let g = y + -5. What is the tens digit of g?
1
Let k(f) = -f**2 - 4*f + 5. Let g be k(-4). Let y be (1/2)/((-2)/12). Let h = g + y. What is the units digit of h?
2
Let g(v) = v**2 - 23*v - 8. What is the tens digit of g(24)?
1
What is the tens digit of (-1)/(-3*2/78)?
1
Let w(t) = 56*t**2 + t - 2. What is the units digit of w(1)?
5
Let x(d) = 3*d**2 - 7*d - 1. Let f be x(3). Suppose -2*z + f*z - 57 = 0. What is the units digit of z?
9
Suppose 0 = -5*k + y + 2*y + 400, 3*y = -15. What is the tens digit of k?
7
Suppose 3*y - 2*h = 13, y + 12 = 4*y - 3*h. Suppose y*m - a - 45 = 0, 2*a - 41 = -2*m + 7*a. What is the units digit of m?
8
Let a(i) = i**3 - 8*i**2 + 2*i + 1. Suppose -5*y + 48 = 4*o, -3*o + 2*o = -5*y + 38. What is the units digit of a(y)?
7
Let k(b) be the third derivative of -b**6/120 - b**5/30 - b**4/12 + b**3/6 + 2*b**2. What is the units digit of k(-3)?
6
Let c = -25 + 60. What is the units digit of c?
5
Let a = -33 - -70. What is the tens digit of a?
3
What is the units digit of -6 + 6 + ((-2)/1 - -116)?
4
Suppose w = -w + 10. Let h(f) = 4*f**3 + 4*f**2 + 3*f + 2. Let m be h(-2). What is the units digit of (-92)/m - (-2)/w?
5
Let m(a) = -a**3 + 3*a**2 - 2*a. Let b be m(2). Suppose 0 = -b*s - 6*s + 30. What is the units digit of s?
5
Let d(n) = 11*n**3 + 2*n**2 + 2*n + 1. Let h be d(-1). Let r = h + 14. Let f = 12 - r. What is the units digit of f?
8
Let d(j) = -j**3 - j**2 - 3*j + 1. Suppose 2*p + 9 = 3. What is the tens digit of d(p)?
2
Let a(c) = c**2 + 11. Suppose 15 = 3*v + 3*o, -5*v + 4 + 11 = 3*o. What is the units digit of a(v)?
1
Let f be (-2)/(-1) - 8/4. Suppose -4*z - 21 = -u, -5*u + 3*z - 8 = -9*u. Let c = u - f. What is the units digit of c?
5
Let s = 90 - 60. What is the tens digit of s?
3
Let i(s) = -3*s - 4*s + s + s**2 + 8. What is the units digit of i(8)?
4
Let i = 0 + -1. Let c = -2 + i. What is the units digit of 27/3 - (c - -6)?
6
Let h be (10 - 13)*(-2 - -1). Suppose h*l - 4*u = -l + 40, 2*l - 4*u = 16. Suppose -k = -5*o - 17 - l, -k = o - 17. What is the tens digit of k?
1
Let q(n) = -n - 1. Suppose 5 = 5*k - 3*h - 3, 2*h - 12 = -k. Let a = -2 - k. What is the units digit of q(a)?
5
Suppose 3*x + 16 = -5*h, 2*h + 8 + 2 = -3*x. Let w(r) = -r**2 + 8*r + 13. Let t be w(9). Let c = t - h. What is the units digit of c?
6
Let w(n) = n**3 + 9*n**2 - 2*n + 9. What is the units digit of w(-7)?
1
Let m = 19 + 210. What is the hundreds digit of m?
2
Let a(j) = 5*j - 1. Let k be a(1). Suppose t + d = k + 3, 0 = -2*d + 6. What is the units digit of t?
4
Let w = -85 + 119. Suppose -a + f = -0*a - w, 4*f = -a + 9. What is the tens digit of a?
2
What is the tens digit of (15/(-25))/(2/(-110))?
3
Suppose -f - o + 8 = -0*f, 0 = 5*f - 4*o - 4. Suppose 5*h = -f*r + 51, 0*r - 4*h + 3 = -r. What is the units digit of (r/(-2) + 1)*-2?
7
Let u(l) = -l**3 + 4*l**2 - l + 5. Suppose -4*q + 2*k + 41 = -3*k, 2*k + 10 = 0. Suppose 0 = p + q*p - 20. What is the units digit of u(p)?
1
Suppose 4*d - 165 = 3*o, -2*o = -4*d - 7*o + 173. Suppose 60 = 6*l - l - 5*g, 0 = -4*l + 2*g + d. What is the units digit of l?
9
What is the tens digit of (-494)/8*(5 - 9)?
4
Let v = 94 - 48. What is the tens digit of v?
4
Suppose -4 = 3*u - u. Let z = u - 2. Let n = z - -8. What is the units digit of n?
4
What is the units digit of (4/6)/(12/270)?
5
Let f(y) = -55*y - 2. What is the units digit of f(-2)?
8
Suppose -3*r - 3*k = r + 5, -2 = -2*k. Let d = 9 + -2. Let u = d + r. What is the units digit of u?
5
What is the tens digit of (-26)/(((-4)/8)/1)?
5
What is the units digit of 4/6*744/16?
1
Suppose 5*d - 23 = -2*u, 0*u + 5*u = -5*d + 20. What is the units digit of d?
5
Let h = 16 - 25. What is the tens digit of (-14)/(-63) + (-133)/h?
1
Let o be ((-35)/(-7))/(3/15). Suppose 5*n = 6*n - o. What is the units digit of n?
5
Let m(z) = 17*